 -20?
-142
In base 9, what is -11 + 578?
567
In base 9, what is 1 + -2448?
-2447
In base 7, what is 2 - 45?
-43
In base 15, what is 374e + 5?
3754
In base 7, what is -66545 - -1?
-66544
In base 11, what is 362 + -12?
350
In base 15, what is -cb65 + -2?
-cb67
In base 16, what is -6f - -1e?
-51
In base 16, what is -1 - d9f?
-da0
In base 9, what is 10 - 1030?
-1020
In base 4, what is 1103131 - 10?
1103121
In base 4, what is 1 - -1012?
1013
In base 8, what is 3 + 43?
46
In base 12, what is 3 - 44?
-41
In base 2, what is -100010 - 11000?
-111010
In base 4, what is 101 - -120?
221
In base 14, what is 1a + -9?
11
In base 15, what is -1 + 6c?
6b
In base 3, what is 21021 + -10?
21011
In base 16, what is -137 + -9?
-140
In base 15, what is 60 - 4?
5b
In base 3, what is -112 + 202111?
201222
In base 12, what is 3 + -b6?
-b3
In base 7, what is -3 + 6?
3
In base 7, what is 122 - 0?
122
In base 5, what is 0 - 10213?
-10213
In base 12, what is -4 + -536?
-53a
In base 2, what is -11110110111 - 101?
-11110111100
In base 6, what is 5 + -1022?
-1013
In base 15, what is 26dc + 5?
26e2
In base 12, what is 8b8 + -1?
8b7
In base 14, what is -1 + -1558?
-1559
In base 16, what is -64 + -4?
-68
In base 4, what is 21 + -30200?
-30113
In base 7, what is -1355 + -5?
-1363
In base 5, what is 3 - 104?
-101
In base 7, what is -1 - -13?
12
In base 14, what is -23d5 + 5?
-23d0
In base 13, what is -70bc + -5?
-70c4
In base 9, what is 48 - -22?
71
In base 5, what is 422 + -10?
412
In base 7, what is -136 + 4?
-132
In base 5, what is -2 + -20434?
-20441
In base 15, what is -13d - -e?
-12e
In base 3, what is -21 - -1202?
1111
In base 9, what is 34 - -2?
36
In base 6, what is -403 - -3?
-400
In base 5, what is -24 + 11122?
11043
In base 10, what is 39 - -2?
41
In base 10, what is -4 - -37?
33
In base 13, what is -2 - -301?
2cc
In base 16, what is 42 - 23?
1f
In base 12, what is -6 + -47?
-51
In base 11, what is -5a + -21?
-80
In base 5, what is -1 - -102?
101
In base 5, what is -22233 + 1?
-22232
In base 13, what is -57c - -1?
-57b
In base 5, what is -1 - 111?
-112
In base 13, what is 129 + 13?
13c
In base 9, what is -4664 + 2?
-4662
In base 12, what is -6177 - -1?
-6176
In base 5, what is -10 - -113002?
112442
In base 16, what is d8 + 0?
d8
In base 9, what is 27 - -4?
32
In base 10, what is -953 + 3?
-950
In base 7, what is -346 - 2?
-351
In base 12, what is ab9 - -1?
aba
In base 15, what is 0 - 5?
-5
In base 4, what is 3 - 2013?
-2010
In base 12, what is -2 + -62?
-64
In base 3, what is -2 + 1221?
1212
In base 7, what is 1 - 552?
-551
In base 11, what is -26 - -26?
0
In base 4, what is 2 - -113?
121
In base 5, what is -3403 - 2?
-3410
In base 16, what is 4 - -2?
6
In base 16, what is -5e6 + -2?
-5e8
In base 15, what is -43 + -3?
-46
In base 14, what is 5dd + -2?
5db
In base 11, what is -443 - 0?
-443
In base 9, what is 15 - 122?
-106
In base 9, what is -1 - -65?
64
In base 8, what is 4 - -323?
327
In base 13, what is 7 - 5?
2
In base 10, what is 4 + 27?
31
In base 12, what is 1116 + -7?
110b
In base 16, what is 7 + -e0?
-d9
In base 10, what is 41 + -2?
39
In base 14, what is -70 - 3?
-73
In base 11, what is 121a - 3?
1217
In base 6, what is 1124 - 0?
1124
In base 5, what is 3 - 401?
-343
In base 14, what is -6242 - 1?
-6243
In base 15, what is -6 - 3e?
-45
In base 7, what is -1153 - -4?
-1146
In base 7, what is -663 - 1?
-664
In base 11, what is 4 + -20?
-17
In base 8, what is 13 - 315?
-302
In base 12, what is 3 - -48?
4b
In base 14, what is -1 - -61?
60
In base 6, what is 25 - 0?
25
In base 10, what is 5 - 85?
-80
In base 10, what is 0 + 9?
9
In base 10, what is 5 - -21?
26
In base 8, what is -37 + -15?
-54
In base 8, what is 16 - -63?
101
In base 14, what is -4 + -c21?
-c25
In base 12, what is -1 + -87?
-88
In base 4, what is 20 + 2233?
2313
In base 15, what is -3 - 1b?
-1e
In base 11, what is 5 + -7?
-2
In base 12, what is 0 + -22?
-22
In base 7, what is 14 + -46?
-32
In base 13, what is -5 - 941?
-946
In base 14, what is -477 - -17?
-460
In base 15, what is -6c - -d3?
66
In base 2, what is 1000000 - -111100?
1111100
In base 10, what is 95 - -2?
97
In base 10, what is -5 + 569?
564
In base 3, what is 102201 - 2?
102122
In base 4, what is -13 - 13120?
-13133
In base 7, what is -214 - 2?
-216
In base 9, what is 241 + -7?
233
In base 5, what is -12 + 10?
-2
In base 13, what is -aaa + -2?
-aac
In base 15, what is 4 - -89a?
89e
In base 2, what is 100010 + 11001010?
11101100
In base 4, what is 1103032 + 3?
1103101
In base 2, what is -101 + 10000?
1011
In base 16, what is 2322 + 2?
2324
In base 14, what is -3 - -100?
db
In base 12, what is -16 - b?
-25
In base 11, what is 2 + 546?
548
In base 12, what is aa - 4?
a6
In base 3, what is -11 + 2010022?
2010011
In base 10, what is -20 - 456?
-476
In base 3, what is -22 + -212?
-1011
In base 2, what is -1010001010 - -100?
-1010000110
In base 4, what is 1302 - 1?
1301
In base 7, what is 106 - 244?
-135
In base 9, what is 2 + 46?
48
In base 14, what is 5 + -202a?
-2025
In base 5, what is -4003 - 3?
-4011
In base 9, what is 50 + -4?
45
In base 11, what is -1013 + 30?
-a93
In base 10, what is 512 + 8?
520
In base 2, what is -101 + 1010011111110?
1010011111001
In base 9, what is -5 - 10?
-15
In base 10, what is -4 - 2312?
-2316
In base 15, what is -10 + -19?
-29
In base 12, what is -121 + 7?
-116
In base 5, what is 3300 - 21?
3224
In base 11, what is -a5 + -10?
-105
In base 2, what is -1111 + 11000?
1001
In base 5, what is 44 + -32?
12
In base 16, what is 89d + 1?
89e
In base 10, what is -2 + 1733?
1731
In base 14, what is d + -55d?
-550
In base 16, what is -8 - -1?
-7
In base 8, what is -2 - -1122?
1120
In base 15, what is -9 + -111?
-11a
In base 5, what is -131013 + 0?
-131013
In base 7, what is -35 - -10?
-25
In base 8, what is -3 - 2205?
-2210
In base 2, what is -111 - 1001?
-10000
In base 3, what is 10001 - 11?
2220
In base 4, what is -322 - -21?
-301
In base 11, what is 4 - 395?
-391
In base 12, what is -16 - 65?
-7b
In base 13, what is -3 + 495?
492
In base 2, what is 1010 - 1110011?
-1101001
In base 8, what is -6 + -162?
-170
In base 7, what is 1004 + -12?
662
In base 14, what is 3a + -34?
6
In base 2, what is -111010101 - 101?
-111011010
In base 11, what is -24 + 46?
22
In base 2, what is -1010100001 - 11?
-1010100100
In base 9, what is 21 + -10?
11
In base 7, what is 46 - 6?
40
In base 10, what is -827 - -2?
-825
In base 3, what is 2221100 - 12?
2221011
In base 16, what is 24 - -3a?
5e
In base 11, what is -3063 + -4?
-3067
In base 12, what is 270 + 1?
271
In base 5, what is -101 + -24?
-130
In base 4, what is 1213 - 1?
1212
In base 12, what is -87 - 2?
-89
In base 12, what is -a - -a2?
94
In base 13, what is 1 - -b1?
b2
In base 10, what is 1 - -61?
62
In base 14, what is -295 - 12?
-2a7
In base 13, what is -4 + 7aa?
7a6
In base 7, what is 35 + 162?
230
In base 15, what is 6 + 572?
578
In base 7, what is 301 + 13?
314
In base 5, what is 204 + 21?
230
In base 13, what is 5 - -b52?
b57
In base 6, what is 1134 - -20?
1154
In base 7, what is 20 + 224?
244
In base 12, what is 2 - 18?
-16
In base 16, what is -31 + 1?
-30
In base 5, what is -3 - -1033?
1030
In base 3, what is 101 - -11111?
11212
In base 7, what is 32352 - -3?
32355
In base 16, what is 8 + -1a?
-12
In base 3, what is -1 - 2001?
-2002
In base 3, what is -2012 - 111?
-2200
In base 14, what is 2 - 560?
-55c
In base 14, what is 4 + 21?
25
In base 5, what is -1044 + -11?
-1110
In base 9, what is 46 - -80?
136
In base 11, what is 4a - 3?
47
In base 5, what is 344 + 224?
1123
In base 3, what is -101 - -110?
2
In base 11, what is 93 - -3?
96
In base 13, what is -a09 - -2?
-a07
In base 8, what is -1 - -16663?
16662
In base 7, what is 1 - 11361?
-11360
In base 13, what is 8 - -1b?
26
In base 16, what is -5 + -58?
-5d
In base 6, what is 4 - 4311?
-4303
In base 2, what is -101 - -1101001?
1100100
In base 13, what is -3 + 1720?
171a
In base 4, what is -22 + -11?
-33
In base 16, what is 1 + b5?
b6
In base 11, what is -1 + -1453?
-1454
In base 2, what is 11110 + 1101?
101011
In base 16, what is 15 - -69?
7e
In base 2, what is 11 - 1101010100?
-1101010001
In base 12, what is 0 - 396?
-396
In base 11, what is 3 + -2?
1
In base 2, what is -1011 + 1010?
-1
In base 3, what is -122 + -112?
-